n divisor of 10 and s?
10
Suppose -2*j + 16 = -x, 0 = 2*j + 2*x - 1 - 3. Let p = 4 + 0. Let n = p - 2. What is the highest common factor of n and j?
2
Suppose -m = -11 - 3. Let l be (-4 + 14)*7*-2. Let n = l + 252. Calculate the highest common divisor of m and n.
14
Suppose -2*n + 38 = -10. Let w(z) = 2*z. Let q be w(4). What is the highest common divisor of n and q?
8
Let r(z) = z**2 + z + 1. Let i be r(-3). Suppose 407 = 5*j + i. Let s(f) = f**3 + 2*f - 2. Let a be s(2). Calculate the highest common factor of j and a.
10
Suppose 0 = -2*w + 395 - 139. Suppose -5*g + 2*g + 12 = 0. Let a be ((-4 - -4) + g)*4. Calculate the highest common divisor of w and a.
16
Suppose -15 = -4*n + 29. Let u = 21 + n. Calculate the greatest common factor of u and 4.
4
Suppose y + 2 = 2*y. Let u be (-3 + -3)/y - -12. What is the greatest common factor of u and 72?
9
Let o be -3 - 3/3 - -1. Let q be o + (6 - 2) + 2. Calculate the highest common divisor of 3 and q.
3
Suppose -36 = 5*p - 421. Calculate the greatest common factor of p and 11.
11
Let a = 7 - 19. Let p = 0 - a. What is the highest common factor of 8 and p?
4
Let m(u) = -3*u + 29. Let o be m(7). Calculate the greatest common factor of 72 and o.
8
Let p = 34 - 10. Calculate the highest common factor of 6 and p.
6
Let u = 4 - 2. Let g be 1 + 1*3/(-3). Let c = 22 + g. What is the highest common divisor of u and c?
2
Let k be (-2)/(3/(-60) - 0). Suppose 5*v + 0*v = -k. Let x(r) = r**3 + 8*r**2 - 2*r + 11. Let f be x(v). Calculate the greatest common factor of f and 3.
3
Suppose 5*u + 20 = 0, 5*w + 0*w = -4*u + 754. Let v(k) = k**3 - k**2 - k + 22. Let l be v(0). What is the greatest common factor of w and l?
22
Let n be (1 - 1)/(0 - -1) - -16. What is the highest common divisor of n and 144?
16
Let u be (6 - 0)/((-4)/(-2)). Let y(w) = -w**2 + w + 13. Let q be y(-3). What is the highest common factor of q and u?
1
Suppose 5*x - 2*v = 3 + 3, -5*x + 3*v = -4. Let w = x - -2. Calculate the highest common factor of 2 and w.
2
Let j(n) = 2*n - 4*n + 3*n**2 - 2*n + 4*n**2 + 1 - n**3. Let c be j(4). What is the greatest common divisor of 11 and c?
11
Let y be 0/2 - (-6 - -6). Suppose 2*s - 4*u = -10, y = -3*s - 3*u + 4 + 8. What is the highest common factor of 2 and s?
1
Let r = 309 + -209. Let x(h) = h**3 + 9*h**2 + 6*h - 6. Let c be x(-8). Calculate the highest common factor of r and c.
10
Suppose x - 4*y + 10 = -8, -16 = 2*x - 3*y. Let q be ((-5)/x - 2)*2. What is the highest common factor of q and 2?
1
Suppose -54 - 46 = -5*p. What is the greatest common factor of p and 20?
20
Suppose 16 + 22 = -3*u - 5*f, 0 = -2*u - 4*f - 28. Let c = -8 - u. Let h = c + 145. What is the greatest common divisor of 13 and h?
13
Let l be 4 - (-2 + 2 + 2). Suppose 0 = -l*i + i + 18. Calculate the highest common divisor of i and 6.
6
Let r be (-154)/(-8) - (-36)/48. What is the greatest common factor of r and 220?
20
Let p = 49 - 41. What is the highest common divisor of p and 2?
2
Let l = -7 + -3. Let c = l - -14. Let i be -6*(-6)/c*4. Calculate the greatest common factor of i and 4.
4
Let d = 178 + -71. Suppose -v = -3*v + 2*m - 56, d = -4*v - m. Let h be v/6*2/(-1). What is the highest common divisor of h and 9?
9
Let q(m) = 2*m**3 + 13*m**2 - 10*m - 15. Let n be q(-7). What is the highest common factor of n and 16?
2
Suppose 2*o - 36 = 144. What is the greatest common divisor of 10 and o?
10
Let f = 88 + -32. What is the greatest common factor of 7 and f?
7
Let q(w) = -w**3 - 14*w**2 + 12*w - 35. Let t be q(-15). Calculate the highest common factor of t and 70.
10
Let i be 10*((-4)/(-1) - 3). Let x(z) = -z**3 - 4*z**2 - 4*z + 1. Suppose 5*y = 2*y - 9. Let p be x(y). What is the greatest common factor of i and p?
2
Let f = -2 - -8. Let l(b) = b**3 + 7*b**2 - 9*b - 5. Suppose 10 = -r + 2. Let s be l(r). What is the highest common factor of s and f?
3
Suppose 0 = -k - k + 10. Suppose r - o = 61, k*o = -r + o + 56. What is the greatest common factor of r and 15?
15
Suppose 24 = 5*a - 291. Calculate the highest common factor of a and 7.
7
Suppose -144 - 166 = -2*l. Calculate the highest common divisor of 62 and l.
31
Let g(s) = -s - 6. Let j be g(11). Let z = 45 + j. Calculate the highest common factor of z and 70.
14
Let b(h) be the third derivative of h**6/120 + 3*h**3/2 + h**2. Let t be b(0). Let w = 30 - 24. What is the greatest common factor of t and w?
3
Let m be 6/(-21) + (-1)/(7/(-366)). Calculate the highest common factor of 13 and m.
13
Let l be 2*-1*-1 + -2. Suppose -5*x + x + 48 = l. Let d be 238/x + 2/12. What is the greatest common divisor of 30 and d?
10
Let i be 14/91 - (-2)/(-13). Suppose 2*d = -i*d + 12. What is the highest common factor of 3 and d?
3
Suppose -2*p + 3*c = -27, -3*p - 4*c + 5 + 10 = 0. Suppose -j + 189 = 2*j. Calculate the highest common factor of p and j.
9
Suppose 0 = -4*l - o - 0*o + 22, -4*o = -2*l + 20. Let h = l + -6. Let v(w) = -w**3 + w + 7. Let x be v(h). What is the highest common divisor of 7 and x?
7
Suppose -2*z = 3*z - 20. Suppose 3*y - 2 = 5*q, z*y - 41 = -0*q - q. Let g be 24/(3 - y/4). Calculate the highest common factor of 48 and g.
16
Let m be (-10 - 9/(-3))/(-1) + 2. Calculate the highest common divisor of 27 and m.
9
Let w = 4 - 4. Suppose 2 + w = -2*v. Let d be (-183)/(-12) + v/4. What is the greatest common factor of 10 and d?
5
Let f(i) = -2*i - 1. Let h be f(-1). Let y be (2/(-4))/((-4)/16). Let o be 119*y/2*h. What is the greatest common factor of o and 17?
17
Suppose 376 - 1174 = -3*f. Let y be f/18 + 6/27. Suppose -66 = -2*r + 84. What is the greatest common divisor of y and r?
15
Let d be (5/2)/((-30)/(-72)). Calculate the greatest common divisor of 18 and d.
6
Let b = 40 - 29. Suppose -16 - 17 = -3*z. What is the highest common factor of b and z?
11
Let o(i) = 0*i**2 + 4 - 5*i**3 - 3*i**2 + 2*i + 6*i**3. Let w be o(3). Let b = 57 - 37. What is the greatest common factor of w and b?
10
Let o be -2 + 9 - 15/5. What is the greatest common divisor of 4 and o?
4
Let z = -145 - -163. What is the greatest common divisor of z and 81?
9
Let j(x) = 4*x + 2. Let h be j(2). Let l be (-2)/(0 - 1) + -1. Let z = l + 14. What is the highest common factor of z and h?
5
Let t = -20 + 11. Let h be (-24)/t + 2/6. Suppose -u - u + 30 = 0. What is the greatest common factor of h and u?
3
Let h be (-2)/4*(1 - 1). Let j(w) = w**3 + w + 34. Let m be j(h). What is the highest common factor of 17 and m?
17
Let s = 22 - 11. Calculate the highest common divisor of s and 88.
11
Suppose 2*u - 36 = -4*u. What is the highest common divisor of 48 and u?
6
Suppose -39 = -0*l - 3*l. Let i = 176 - 111. Calculate the highest common factor of i and l.
13
Suppose 2*k = -k + 39. Suppose -3*g = 5*d - 361, -3*d + 0 = -g + 139. Suppose -g = -3*z - 10. What is the greatest common factor of z and k?
13
Let m(k) = 134*k**2 + 1. Let w be m(-1). Let f = w + -90. What is the highest common divisor of 9 and f?
9
Suppose 8*y - 3762 = -y. What is the highest common factor of 38 and y?
38
Suppose -52 = -21*d + 19*d. What is the highest common divisor of d and 130?
26
Suppose 7*s - 20 - 71 = 0. Let b(f) = 7*f - 19. Let p be b(s). What is the greatest common divisor of p and 18?
18
Let t be 1*(-144 + 3)/(-1). Suppose -s - 2*s = -t. Suppose 4*d - 25 = s. What is the highest common divisor of d and 45?
9
Let b be 6/(-2)*(-3 - 0). Calculate the highest common factor of b and 18.
9
Let s(t) = -3 + 30 + 105 + 4*t**3 - 5*t**3. Let m be s(0). Calculate the greatest common divisor of 12 and m.
12
Let d = 5 - 3. Let a(s) = d*s**2 + 2*s - 2*s + 2*s. Let z be a(-2). Calculate the highest common factor of z and 6.
2
Let i(u) = u**2 + 6*u + 10. Let p be i(-8). Let g = p - 4. Calculate the highest common factor of 33 and g.
11
Let t(l) = -l - 6. Let f be t(-7). Let a(c) = 27*c**2 + 2*c - 1. Let j be a(f). Calculate the greatest common divisor of j and 14.
14
Suppose 6*b - 28 = 2*b. Let l = 13 - -1. What is the highest common factor of b and l?
7
Suppose 4 - 75 = 5*h + 3*r, 4*h + r + 61 = 0. Let i = h - -26. Calculate the highest common divisor of i and 90.
10
Let j be 1*83 + (2 - 0). Let g be -2 - 4/((-8)/38). What is the highest common factor of j and g?
17
Let k(f) = -f**2 + 7*f - 9. Let j be k(6). Let q be 1*-1*(-32 + j). What is 